visor of 6 and k.
6
Suppose 0 = 5*u - 4*r - 110, 4*u - 3*r = -0*r + 89. Let v be 24 + 143/13 + 199. What is the greatest common divisor of u and v?
26
Suppose 788 = 4*w - 13*h + 8*h, -3*h - 972 = -5*w. Calculate the greatest common factor of 288 and w.
96
Let v(i) = -i**3 + 85 - 65 - 14*i**2 + i**3 + i**3 + 17*i. Let k be v(13). Calculate the greatest common factor of 72 and k.
72
Suppose -4*q = q - 70. Let v = -1873 - -1887. Calculate the greatest common divisor of q and v.
14
Let u be (4 - 45/12)*4. Let j be (u/(-2))/(9/(-54)). Let p be j/7 - (-1 + (-2028)/21). Calculate the highest common divisor of p and 14.
14
Suppose -4*j - 4*o + 7788 = 0, 259 - 267 = -2*o. What is the highest common divisor of 536 and j?
67
Let g be (-22 - -4 - -17) + (1754 - -2). What is the greatest common divisor of g and 455?
65
Let a = 778 - 751. Calculate the greatest common factor of a and 14.
1
Suppose -5*x - 25 = 0, -10*f = -14*f + 2*x + 5530. What is the greatest common factor of f and 204?
12
Let k be (-932)/3029 - (-8440)/52. Let r(o) = -26*o**3 + o**2 - o + 2. Let t be r(-2). Calculate the greatest common factor of k and t.
54
Suppose 0 = -t + 5*o + 4293, -13999 = -5*t + o + 7442. What is the highest common divisor of 64 and t?
64
Let d(i) = 22*i - 1. Let s be d(1). Suppose 2*y = 12 + 44. Suppose -6*b + 8*b = y. What is the greatest common factor of s and b?
7
Let h(r) = r**2 + 24*r + 34. Let d be h(-23). Suppose d*m + 4464 = 20*m. What is the greatest common factor of 31 and m?
31
Suppose 0 = 2*n - 74. Suppose 5*m + 3004 = -8*s + 4*s, 0 = m - s + 599. Let d be (-1 - 3) + (-1)/(2/m). What is the highest common divisor of n and d?
37
Suppose -2*q = 4*r - 4744, -3*q = 2*r - q - 2370. Suppose -19*c + 789 + r = 0. What is the greatest common divisor of c and 8?
8
Suppose 2*n = 3*n - 5. Suppose 2*b - n*b - d + 23 = 0, -5*d + 31 = 3*b. What is the highest common factor of 112 and b?
7
Let h be (-94)/(-10) + (-6)/(-10). Suppose 4*x - 5*m - 19 = 0, 3*x - 8*x - h = 5*m. Let n be (-4 + 0)*36/(-16). Calculate the greatest common factor of n and x.
1
Let n(c) = 2557*c**2 + 302*c + 609. Let h be n(-2). Calculate the highest common divisor of h and 54.
27
Suppose 3*c - 70 = -k + 2*c, 4*c = 3*k - 224. Suppose k*d = 77*d - 225. What is the highest common factor of 120 and d?
15
Let t = 127 + -75. Let g = -48947 - -49129. Calculate the greatest common factor of t and g.
26
Suppose -5*w + 6*w - 415 = 2*q, -4*q = 2*w + 810. Let f = q - -219. What is the highest common divisor of f and 3?
1
Let c(g) = g**3 - 4*g**2 + 6*g + 5. Let k be c(4). Suppose 0 = -4*p - 12, -h - p - k = -111. Let a = 118 - h. Calculate the highest common factor of a and 22.
11
Suppose -35*b + 16673 + 11058 = -26169. What is the greatest common factor of b and 5320?
140
Suppose 5*u - 107*r - 31675 = -112*r, 3*r = -4*u + 25333. What is the highest common divisor of u and 56?
56
Suppose 31*o = 12345 - 6455. Suppose 3*w = -5*s + 65, 10 = 4*s - s - 4*w. What is the greatest common divisor of s and o?
10
Suppose 5*q - 26 - 58 = -3*m, -5*m - q = -184. Let o be 10632/28 - (-4)/14. Calculate the highest common factor of o and m.
38
Suppose 0 = 19*l - 122 - 11. Let w be (13 - l) + 142 + 5. What is the greatest common divisor of 357 and w?
51
Suppose -92 = -5*n + n. Suppose -6 = 4*l - 3*u - n, -3*l = -u - 19. Suppose 5*q = -2*i + 290, i = -4*q - 21 + 250. What is the highest common factor of l and q?
8
Suppose f + 38*n - 2643 = 41*n, 0 = n + 1. Calculate the greatest common divisor of f and 22.
22
Suppose 108*h = 444*h - 24192. Calculate the greatest common factor of 14004 and h.
36
Suppose 259 = 11*u - 357. Suppose -6*q + 3*q - p = -u, -4*q + 100 = -5*p. Calculate the greatest common factor of q and 8.
4
Let s = 62 - 37. Suppose 87*p + s = 92*p. Suppose -p*z + 86 = -34. What is the highest common factor of z and 60?
12
Suppose -56*h + 43049 = -20399. Calculate the greatest common factor of h and 309.
103
Let x be (1530/8)/(147969/9840 - (1 + 14)). What is the highest common factor of 25 and x?
25
Let z(i) = 4*i**2 - 163*i - 827. Let g be z(-5). Calculate the greatest common divisor of 1136 and g.
8
Let p be (-75)/(-6) + 3/(-6). Let z = -29076 - -29103. What is the highest common divisor of z and p?
3
Let k(o) = o**2 + 155*o - 798. Let p be k(5). Let j = -13 + 26. What is the greatest common factor of j and p?
1
Let y = -95 - -473. Let m = 454 - y. Calculate the highest common divisor of 190 and m.
38
Let u = -16603 + 17137. Let h(l) = 22*l + 1. Let v be h(4). Calculate the highest common factor of u and v.
89
Let c(v) = v + 32. Let w be c(-23). Let f be ((-4)/(-48)*w)/((-5)/(-140)). Calculate the greatest common factor of f and 189.
21
Suppose 0 = 12*o + 570 + 2610. Let j = o + 325. Calculate the greatest common divisor of j and 330.
30
Let a(r) = r**3 + 6*r**2 + 2*r - 10. Let y be a(-5). Suppose 4*c = -x + 155, -2*x + y*x - 199 = -5*c. Calculate the greatest common divisor of 133 and c.
19
Suppose 677 = 47*q - 1015. What is the highest common divisor of q and 2304?
36
Let a be (-242)/55*(-3 + -2). Suppose -6*i + 94 - a = 0. What is the greatest common divisor of 480 and i?
12
Let h = 2811 + -2751. Calculate the highest common divisor of 860 and h.
20
Let u = 2983 - -12127. What is the greatest common divisor of 40 and u?
10
Suppose 0 = -b - 4*v + 71, 44*b = 42*b + v + 151. Let d be ((-4)/(-12))/((-1)/(-90)). What is the highest common divisor of b and d?
15
Let q = 2 - -5. Suppose -3*v - 69 = -4*z, -5*z + 4*v - 5*v = -91. Suppose 5*a - 87 - z = 0. Calculate the greatest common factor of q and a.
7
Suppose 97*u - 216 = 94*u. Let g be (-190)/(-12) + (-17)/6 + 3. Calculate the greatest common factor of u and g.
8
Let p = -807 - -1195. Suppose p - 78 = v. What is the greatest common divisor of 62 and v?
62
Let i = -53 + 56. Suppose -i*n + 4 = -14. Suppose 7 = 13*k - n. What is the highest common factor of 7 and k?
1
Suppose a = 30 - 34. Let g be a - (-15 - 2)/((-13)/(-104)). Calculate the highest common divisor of 24 and g.
12
Let x be (-2693)/(-7) - (-12)/42. Suppose k = 6*k - 5*r - 875, -2*k - 5*r = -x. What is the highest common factor of 20 and k?
20
Suppose -2*f + 5*q = -3741, 3735 = 4*f - 2*f - 3*q. Calculate the greatest common divisor of f and 92.
23
Let w(o) = 3*o**2 + 20*o + 398. Let m be w(47). What is the greatest common divisor of m and 135?
135
Let n = 105 - 125. Let v = 31 + n. Let k be (55/(-20))/(3/(-12)). What is the greatest common factor of v and k?
11
Let t = 3 - -61. Let g = -67 + t. Let w be (-86)/(g - (-4 + 3)). What is the greatest common factor of 86 and w?
43
Let a(x) = -2*x**3 - 32*x**2 - 7*x + 10. Let f be a(-16). What is the highest common factor of f and 4?
2
Let c be -11*(5 + -4 - 2). Suppose -10*n + 525 = c*n. Let d be 2254/18 - 4/18. Calculate the highest common factor of d and n.
25
Let y(m) = 66*m - 2. Let k be y(-1). Let w be 104/5 - k/(-85). What is the highest common divisor of 540 and w?
20
Let a be (-5 - (-356)/(-4))*1. Let s = 127 + a. Suppose -2*n + 4*j + s = -27, 0 = 3*j - 6. Calculate the highest common divisor of n and 119.
17
Let s be (4 - -4 - -9)/(3/117). What is the highest common factor of s and 714?
51
Let s(k) = -k**3 + 19*k**2 - 19*k + 406. Let h be s(19). Calculate the highest common factor of h and 5985.
45
Let n(a) = -a**2 + 12*a + 1. Let r be n(6). Suppose 11*u - 15 = -r. Let p be (-16)/24 - u/(-6)*-5. Calculate the highest common divisor of 1 and p.
1
Let a(s) = s**3. Let l(o) = -4*o**3 - 31*o**2 + 36*o + 47. Let v(w) = -3*a(w) - l(w). Let m be v(-32). What is the greatest common factor of 9 and m?
9
Suppose -8438*x = -8325*x - 1582. Let i = -489 - -1273. Calculate the greatest common factor of i and x.
14
Suppose 3*g - 2*z - 192 = 369, -2*z = 2*g - 374. What is the greatest common divisor of g and 51?
17
Let m be (81/2)/((-21)/(-56)). Suppose -7*i + 179 = -m. Suppose -4*d - 4*r + i = -51, r - 4 = 0. What is the greatest common divisor of d and 76?
19
Let c be 582/((-5)/(-5)) - -13. What is the greatest common factor of c and 714?
119
Let k = -5697 + 7675. What is the highest common divisor of 344 and k?
86
Suppose 77366 + 20310 + 11308 = 24*n. Calculate the highest common factor of n and 133.
19
Let u(c) be the first derivative of -c**4/4 + 13*c**3/3 - 